divided by 369?
368
Calculate the remainder when 42631 is divided by 606.
211
What is the remainder when 43355 is divided by 78?
65
Calculate the remainder when 289607 is divided by 233.
221
What is the remainder when 217138 is divided by 132?
130
Calculate the remainder when 23883 is divided by 1492.
11
Calculate the remainder when 376 is divided by 74.
6
Calculate the remainder when 918 is divided by 439.
40
What is the remainder when 4847 is divided by 1573?
128
Calculate the remainder when 541 is divided by 199.
143
Calculate the remainder when 16100 is divided by 4024.
4
Calculate the remainder when 2475 is divided by 452.
215
Calculate the remainder when 14911 is divided by 711.
691
What is the remainder when 1362 is divided by 68?
2
What is the remainder when 252638 is divided by 726?
716
Calculate the remainder when 150808 is divided by 199.
165
Calculate the remainder when 694690 is divided by 15.
10
Calculate the remainder when 6174 is divided by 1018.
66
Calculate the remainder when 1421996 is divided by 36.
32
What is the remainder when 7019 is divided by 108?
107
What is the remainder when 25289 is divided by 429?
407
What is the remainder when 1076856 is divided by 19?
12
Calculate the remainder when 167541 is divided by 12.
9
What is the remainder when 5994953 is divided by 686?
685
Calculate the remainder when 3772 is divided by 11.
10
Calculate the remainder when 1045 is divided by 127.
29
Calculate the remainder when 1593 is divided by 679.
235
What is the remainder when 6890 is divided by 246?
2
Calculate the remainder when 13789 is divided by 680.
189
What is the remainder when 1783108 is divided by 294?
292
What is the remainder when 251415 is divided by 1654?
7
What is the remainder when 7052 is divided by 1409?
7
What is the remainder when 27233 is divided by 152?
25
Calculate the remainder when 575328 is divided by 287659.
10
What is the remainder when 735869 is divided by 725?
719
Calculate the remainder when 30308 is divided by 26.
18
Calculate the remainder when 37352 is divided by 45.
2
What is the remainder when 137675 is divided by 146?
143
What is the remainder when 6109 is divided by 91?
12
Calculate the remainder when 21648 is divided by 10820.
8
What is the remainder when 152036 is divided by 3305?
6
What is the remainder when 140947 is divided by 524?
515
What is the remainder when 1305 is divided by 648?
9
What is the remainder when 21692 is divided by 356?
332
What is the remainder when 95783 is divided by 26?
25
What is the remainder when 82550 is divided by 27512?
14
Calculate the remainder when 1839 is divided by 100.
39
Calculate the remainder when 2784 is divided by 877.
153
What is the remainder when 1307389 is divided by 266?
265
What is the remainder when 1259 is divided by 162?
125
Calculate the remainder when 13809 is divided by 6866.
77
Calculate the remainder when 7836 is divided by 151.
135
What is the remainder when 4787418 is divided by 463?
461
What is the remainder when 175192 is divided by 41?
40
Calculate the remainder when 8810 is divided by 3.
2
Calculate the remainder when 13063 is divided by 114.
67
What is the remainder when 2786 is divided by 347?
10
What is the remainder when 5766 is divided by 223?
191
What is the remainder when 598992 is divided by 153?
150
What is the remainder when 121479 is divided by 996?
963
Calculate the remainder when 131180 is divided by 69.
11
Calculate the remainder when 5134 is divided by 161.
143
Calculate the remainder when 5208 is divided by 1463.
819
Calculate the remainder when 21138 is divided by 62.
58
What is the remainder when 44905 is divided by 713?
699
Calculate the remainder when 449464 is divided by 224732.
0
What is the remainder when 1858 is divided by 1191?
667
Calculate the remainder when 40858 is divided by 530.
48
What is the remainder when 1487637 is divided by 110?
107
What is the remainder when 64705 is divided by 696?
673
Calculate the remainder when 30909 is divided by 281.
280
What is the remainder when 254376 is divided by 46?
42
Calculate the remainder when 13831 is divided by 6901.
29
Calculate the remainder when 2307 is divided by 19.
8
Calculate the remainder when 6285 is divided by 122.
63
What is the remainder when 719 is divided by 550?
169
Calculate the remainder when 14906 is divided by 2126.
24
Calculate the remainder when 355150 is divided by 21.
19
What is the remainder when 3109 is divided by 183?
181
Calculate the remainder when 92660 is divided by 882.
50
What is the remainder when 14098 is divided by 10?
8
What is the remainder when 2448889 is divided by 14?
9
What is the remainder when 14327 is divided by 211?
190
Calculate the remainder when 19240 is divided by 260.
0
What is the remainder when 1436339 is divided by 57?
53
Calculate the remainder when 674 is divided by 132.
14
Calculate the remainder when 5956 is divided by 607.
493
What is the remainder when 23436 is divided by 17?
10
Calculate the remainder when 5713 is divided by 638.
609
What is the remainder when 81771 is divided by 10211?
83
What is the remainder when 25717 is divided by 33?
10
What is the remainder when 816 is divided by 68?
0
What is the remainder when 8106 is divided by 368?
10
What is the remainder when 28805 is divided by 7197?
17
Calculate the remainder when 149349 is divided by 392.
389
What is the remainder when 114189 is divided by 132?
9
What is the remainder when 474 is divided by 242?
232
What is the remainder when 371 is divided by 281?
90
Calculate the remainder when 1638 is divided by 102.
6
Calculate the remainder when 7032 is divided by 340.
232
What is the remainder when 7784 is divided by 22?
18
What is the remainder when 2374 is divided by 25?
24
Calculate the remainder when 691 is divided by 540.
151
What is the remainder when 5141 is divided by 1504?
629
What is the remainder when 96570 is divided by 48259?
52
Calculate the remainder when 6133 is divided by 52.
49
Calculate the remainder when 12128 is divided by 93.
38
What is the remainder when 65853 is divided by 294?
291
What is the remainder when 461016 is divided by 706?
704
Calculate the remainder when 18855 is divided by 673.
11
Calculate the remainder when 4820038 is divided by 90.
88
What is the remainder when 1471 is divided by 386?
313
Calculate the remainder when 13368 is divided by 9.
3
What is the remainder when 5267 is divided by 885?
842
Calculate the remainder when 56281 is divided by 8.
1
What is the remainder when 67739 is divided by 24?
11
Calculate the remainder when 601 is divided by 146.
17
What is the remainder when 305876 is divided by 76468?
4
Calculate the remainder when 622 is divided by 351.
271
What is the remainder when 2895 is divided by 1814?
1081
What is the remainder when 47419 is divided by 48?
43
What is the remainder when 13535 is divided by 4477?
104
What is the remainder when 67246 is divided by 74?
54
What is the remainder when 30252 is divided by 35?
12
What is the remainder when 2649 is divided by 1323?
3
What is the remainder when 19557 is divided by 6307?
636
Calculate the remainder when 424846 is divided by 145.
141
Calculate the remainder when 107593 is divided by 13.
5
Calculate the remainder when 640246 is divided by 111.
109
Calculate the remainder when 525583 is divided by 13139.
23
What is the remainder when 11468 is divided by 1056?
908
Calculate the remainder when 6145 is divided by 3020.
105
Calculate the remainder when 1055 is divided by 97.
85
Calculate the remainder when 875 is divided by 107.
19
What is the remainder when 10769 is divided by 115?
74
Calculate the remainder when 398743 is divided by 22.
15
What is the remainder when 2386 is divided by 81?
37
What is the remainder when 454543 is divided by 582?
1
What is the remainder when 6478 is divided by 538?
22
What is the remainder when 9652 is divided by 601?
36
What is the remainder when 37107 is divided by 9275?
7
What is the remainder when 2575 is divided by 1181?
213
What is the remainder when 5152 is divided by 2574?
4
Calculate the remainder when 2808 is divided by 700.
8
Calculate the remainder when 51073 is divided by 9.
7
Calculate the remainder when 4382994 is divided by 38.
36
Calculate the remainder when 6960 is divided by 435.
0
Calc